pose 9 = -3*p - i*s, -2*s - 11 = 2*p + 3*s. What is f(p)?
-6
Let h(a) = 7*a**3 - a**2. Let t be 1*(2/(-4))/((-10)/20). What is h(t)?
6
Let p(y) = 2*y - 4*y + y + 1 - 3*y. Let h(v) = v - 1. Let b be h(4). Let u be -2 + 0/b + 3. Calculate p(u).
-3
Let g(x) = -x**2 - 8*x - 5. Suppose -4*i = -i + 3*j + 6, -3*j + 22 = -i. Determine g(i).
2
Let u(m) = 7*m - 12. Let i be u(3). Let r(g) = g - 11. What is r(i)?
-2
Suppose 262 = -5*o - 258. Let z be o/20 + (-2)/(-10). Let g(m) = -m**3 - 6*m**2 - 5*m - 6. Determine g(z).
-6
Suppose -3*b + r + 7 = 0, -b - 5*r + 13 = -0*r. Let n(y) = -y - 2. Give n(b).
-5
Let b(h) = -h**3 + 4*h**2 - 2*h - 2. Let m(l) = 4*l + 2. Let j be m(0). Determine b(j).
2
Let n = -120 - -127. Let m(x) = -x**2 + 9*x. Determine m(n).
14
Suppose c = 4*c + 6. Let d be 6/(-3)*(-1)/c. Let z(a) = 9*a + 1. Give z(d).
-8
Let a be 0/(-2)*-1 + 2. Let p = -5 + a. Let t(h) be the first derivative of -h**4/4 - 5*h**3/3 - 5*h**2/2 - 4*h - 2. What is t(p)?
-7
Let d be 3*5/((-45)/(-6)). Let b(r) = -2*r + 7 + 4*r + 2*r - d*r. What is b(-5)?
-3
Let p(d) = -d**3 - 3*d**2 + 4*d. Suppose -3*m - 3*f + 6 = -6, 3*m + 4*f = 12. Suppose -m*a + 1 = 5. Let i be (-6)/3 + -1 + a. What is p(i)?
0
Let g(c) = -c**2. Let r be (-14)/(-4) + 12/(-24). Determine g(r).
-9
Let b(r) = -2*r**2 + 3 + 99*r - 50*r - 4 - 51*r. What is b(-2)?
-5
Let l(p) = 0*p - 68*p**3 - 9 + 5*p**2 + 69*p**3 - 10*p. Determine l(-6).
15
Suppose -2*u + 2*z + 12 = 4*z, 0 = -z + 4. Suppose -a + 6 - 1 = 0. Let d(x) = -a - x + 5 + x**2. Determine d(u).
2
Let p be ((-4)/(-6))/(1/3). Let h(x) = -3*x - 4 - x**3 - 5 - x + 4 + 6*x**p. Give h(4).
11
Let z(s) = -s + 8. Let w be ((-27)/(-3))/(0 + -1). Let y = -9 - w. Give z(y).
8
Let l(y) = y**2 + 3*y. Let n = 74 + -77. What is l(n)?
0
Suppose -2*c + 2 = -3*h, 5*h + 0*h = 2*c - 2. Suppose h*o = -3*o + 3. Let g(i) be the first derivative of -2*i**2 - 12. Determine g(o).
-4
Let m be (-1)/4 - (-92)/(-16). Let x be m*(-2)/(-6)*3. Let h(i) = i**3 + 5*i**2 - 5*i + 2. Determine h(x).
-4
Let d(c) = -c**2 + 11*c - 6. Let o be d(10). Suppose o*x = z + 5 - 3, 3*x - 8 = 4*z. Let w(u) be the second derivative of -u**3/6 + 3*u**2 + u. What is w(x)?
6
Let x(b) = 169*b + 3 - 85*b - 81*b. Let d be 1*0/(-1) + -2. Calculate x(d).
-3
Let u(r) = -r - 2. Let y = 78 - 78. Determine u(y).
-2
Let b(x) = -x - 5*x - 1 + x + 2*x. Let u(l) = -l - 2. Let v be u(-4). Suppose -4*f = 5*r + 21, -4*f - 4*r + v*r = 6. What is b(f)?
-4
Suppose i - t - 3 = 0, -i = -0*i + 4*t - 8. Let m(v) = i - 7*v + 6*v - 15. Give m(-6).
-5
Suppose 2*k = -4*v - 12, 2*k = v + 6*k - 11. Let o(q) = 223*q - 668*q + 223*q + 220*q - 4. Determine o(v).
6
Let d = 0 - -2. Suppose -d*i - 3*i + 15 = 0. Let z(g) = 2*g - g**3 + 3*g**2 - 2*g - 1. What is z(i)?
-1
Let w(z) be the first derivative of z**3/3 + z**2/2 + 2*z - 1. Let q be ((-3)/2)/(3/4). Let p = 2 + q. What is w(p)?
2
Let s(g) = g + 1. Let n be s(3). Let a(l) = 2 + 5 - n - 2*l. Let w(v) = v**2 + v - 3. Let x be w(-3). What is a(x)?
-3
Let w(k) be the third derivative of k**5/120 + k**3/6 - k**2. Let h(s) be the first derivative of w(s). Determine h(2).
2
Let i(j) be the second derivative of -j**7/2520 + j**5/60 - j**4/2 + 7*j. Let x(r) be the third derivative of i(r). What is x(2)?
-2
Let z(n) = -n**3 + 7*n**2 - 5*n - 4. Let p be z(6). Suppose 6 = p*i - 0. Let w(v) = -4*v**3 + v + 2*v**i - v**2 - 2*v**3 + 3*v**3. Calculate w(0).
0
Let r(v) be the third derivative of v**2 + 1/24*v**4 + 0 + 0*v + 2/3*v**3. Give r(-4).
0
Let t(g) be the third derivative of 1/120*g**6 + 1/6*g**3 - 1/6*g**4 + 0*g - 1/60*g**5 + 0 + 8*g**2. What is t(3)?
7
Let z(x) = x + 2. Suppose -3*s + 6 = -4*r, 5*s - 2*r = 7 + 3. Let m be s/9 + (-86)/(-18). Suppose -3*q + 4*q = 4*p + m, 20 = -4*p - 4*q. Calculate z(p).
0
Let w be (-2)/(-2)*(-6)/(-2). Let k(h) = w + 2*h - h**2 - h**3 - 2*h. Suppose -r = -2, 0*j + 5*j + r = 2. What is k(j)?
3
Let y(c) be the third derivative of c**6/120 - c**5/15 - 5*c**4/24 - 3*c**2. Determine y(5).
0
Suppose 0 = -c - 4*i + 2, 5*c - 26 = 5*i + 9. Let d(z) = z**3 - 7*z**2 + 4*z + 7. Calculate d(c).
-5
Let s(v) = 2*v - 2. Let l be 2 + 1 + 4/(-4). Suppose 0 = q + l*t - 11, 2*q - 2*t = -3*q + 7. Suppose 0 = q*r + 3*u + 4 + 8, 4*u = 3*r + 5. Give s(r).
-8
Let n(m) = 4*m + 3. Let f(u) = 5*u + 3. Let x = 11 + -9. Let h(d) = x*f(d) - 3*n(d). Give h(-2).
1
Let y = 3 + 3. Let g(a) = a**3 - 5*a**2 - 5*a - 5. What is g(y)?
1
Suppose k + 3*m + 2*m = -12, 0 = -2*k - m + 3. Let y(x) be the first derivative of 3 - k - 4*x - 2 + x**2. Calculate y(4).
4
Let h(i) = -2*i**2 + 3*i + 1. Suppose 5*z = 12 + 3, -p + 5*z - 11 = 0. Give h(p).
-19
Let y(s) be the first derivative of s**3/3 - 5*s**2/2 - 6*s + 32. What is y(6)?
0
Let r = -4 - -7. Suppose 5 - 2 = r*b. Let v(f) = -8*f**2 - f. What is v(b)?
-9
Let w(b) = b**3 + 8*b**2 + 5*b - 10. Let q be w(-7). Let f(l) = 7*l**3 - l**2 + 7*l + 1. Let s(n) = 3*n**3 + 3*n. Let m(u) = 4*f(u) - 9*s(u). What is m(q)?
8
Let v(x) = 2*x**2 + x - x**2 + 0*x**2. Let g be v(-2). Let y(j) be the third derivative of j**4/4 - j**3/2 - 5*j**2. What is y(g)?
9
Suppose -2*t + 22 = 3*g, -4*g + 0*g + 31 = 3*t. Let c(p) = -4*p + 4*p - t*p + 3*p - 2. Calculate c(2).
-6
Let f(k) = -2*k + 1. Let b be 17/(-119) + (-13)/7. Determine f(b).
5
Let q(a) = a**2 - 2*a + 2. Let h = 1 - 3. Let w be (0 - 6/h)/1. Give q(w).
5
Let m(a) = -4*a**3 + 8*a**2 - 3*a + 4. Let n(x) = x**3 - x**2. Let s(k) = -m(k) - 3*n(k). Give s(5).
11
Suppose -5*r - 2*u = 21, 5*u - 16 = 2*r + 2*u. Let g(i) = -i - 6. Determine g(r).
-1
Let r(m) = m - 1. Let o(f) = 7*f - 5. Let b(w) = -o(w) + 6*r(w). Let l(x) = x**2 - 4*x - 6. Let k(u) = -3*b(u) + l(u). Suppose -7*h = -4*h + 9. Give k(h).
9
Let p = -4 - -1. Let f(r) = -1. Let n(g) = 3*g + 2. Let v(u) = p*f(u) - n(u). Suppose -x + 0*y = -2*y + 3, -3*x - 9 = 3*y. Calculate v(x).
10
Let v(u) be the second derivative of 1/12*u**4 - 5*u + 5/6*u**3 - 5/2*u**2 + 0. Calculate v(-5).
-5
Let w(a) = -6*a**2. Let n be w(-1). Let q be -2 + 0 + -1 - n. Let k(f) = -2*f**2 + 3*f + 4. Calculate k(q).
-5
Suppose 2*i = g + g + 2, 5*g - 4 = 2*i. Let s(j) = j**2 - 2*j + 2. What is s(g)?
2
Suppose -5*h + 5 + 5 = -5*o, 0 = -2*o + h. Let y(k) = -1 - 3 - 3 - k + o*k. Calculate y(3).
-4
Let l(a) = a**3 + 2*a**2 + 2*a + 2. Let h(d) be the second derivative of d**4/12 + 2*d**3/3 + d. Let u be h(-4). Let o = -2 - u. Calculate l(o).
-2
Let v(b) = 10*b - 6. Let k(m) = -5*m + 3. Let p(r) = 11*k(r) + 6*v(r). What is p(-4)?
-23
Let i(o) be the third derivative of o**6/360 + o**5/20 - o**4/24 - o**3/3 - 3*o**2. Let d(u) be the first derivative of i(u). Calculate d(-5).
-6
Let h = -5 - -7. Suppose -s + h = -2*s. Let y(b) = -b**3 - 3*b**2 + 2*b + 3. What is y(s)?
-5
Let y be 0/(3 - 1) + 3. Suppose -2*j + 3*j = 0, 0 = 4*c - y*j + 8. Let h be (-6)/12 - c/(-4). Let z(m) = -5*m**2 + m. What is z(h)?
-6
Let z(r) = 3*r + 31. Let j be z(-9). Let x(y) be the third derivative of y**6/120 - y**5/15 - y**4/12 + 2*y**3/3 + y**2. What is x(j)?
-4
Let d(r) be the second derivative of r**3/6 + 15*r**2/2 - 4*r. Let j be d(-10). Let t(f) = f**3 - 5*f**2 + 2*f - 3. Give t(j).
7
Suppose -2*b = -b - 3*b. Let k(p) = -p**3 + p**2 - p - 4. Determine k(b).
-4
Let d = -7 + 12. Let l(f) = 2 + f**3 + 7*f - 1 - d*f. Calculate l(-1).
-2
Let q(z) = -11*z - 1. Let t be q(-2). Let j = t - 14. Let f(m) = -m**3 + 8*m**2 - 8*m. Give f(j).
-7
Let s be (-2)/8 + (-87)/(-12). Let h(j) = j - 6. Determine h(s).
1
Let z(c) = 11*c + 42*c**2 - 14*c - 43*c**2. Suppose -j = -0*j + 3. Give z(j).
0
Let o(i) be the third derivative of i**6/120 + i**5/10 + i**4/6 + 2*i**3/3 + 3*i**2. Calculate o(-5).
9
Let v(y) = 5 - 5 + y. Let j be 9/(-12) - (-11)/4. Suppose -j*l - 4 = -8. What is v(l)?
2
Suppose -5*p = 4*s - 2*p - 3, 3 = -3*s - 4*p. Let t(b) = 2*b - 4. Let f(y) = 4*y - 9. Let i(x) = -2*f(x) + 5*t(x). Determine i(s).
4
Let a be ((-42)/(-9))/((-4)/6). Let i(h) = -3*h**2 - 4. Let b(n) = 10*n**2 + n + 13. Let g(d) = a*i(d) - 2*b(d). Determine g(2).
2
Let i be (6/(-4))/((-6)/128). Suppose -4*k + i = -4. Let f(g) = g - 2*g - k*g**2 + 11*g**2 + 2. Give f(2).
8
Let f(b) be the second derivative of -b**3/6 - 4*b**2 + 4*b. Calculate f(-5).
-3
Let p(c) = 5*c**3 - 2*c**2 + c + 3. Let i(x) = -6*x**3 + x**2 - 3. Let a(r) = -4*i(r) - 5*p(r). Suppose -5*w